 40 and q.
40
Let g = -31 - -31. Suppose 5*o + 3*q - 210 = 0, -126 = -3*o + 5*q - g*q. What is the greatest common factor of o and 14?
14
Suppose -2*n - 2*r - 55 = -3*n, 4*n + r - 184 = 0. What is the highest common factor of 188 and n?
47
Let s be (-1)/2*(-12 + 10). Let f(b) = 106*b - 1. Let v be f(s). Calculate the highest common divisor of v and 70.
35
Let t(c) = c + 8. Let o be t(-3). Suppose 99 = -o*h + 8*h. Calculate the highest common factor of h and 165.
33
Suppose 23 = 3*u - 2*u. Let s(n) = -n + 1. Let l(w) = 32. Let f(b) = 2*l(b) - 6*s(b). Let y be f(21). What is the highest common divisor of u and y?
23
Suppose 3*k + 57 = 207. What is the highest common factor of 175 and k?
25
Suppose 234 = 4*t + 5*t. What is the highest common divisor of t and 143?
13
Let r(z) = z + 35. Let u be r(21). What is the greatest common divisor of u and 24?
8
Let f = -1108 - -1252. What is the greatest common divisor of f and 128?
16
Let n(g) = -88*g + 2. Suppose 0 = 4*w - 5*k - 1, -w - 4*k - 2 = -3*w. Let r be n(w). Let b = 134 - r. Calculate the greatest common factor of b and 110.
22
Let o be (-1 - -5)/((-3)/(-24)). Suppose 61 = 6*g - 131. Calculate the greatest common divisor of g and o.
32
Suppose 3*r - 225 - 48 = 0. Calculate the highest common divisor of r and 13.
13
Suppose 2136 = -85*l + 89*l - 3*q, 0 = 3*l + 5*q - 1573. What is the greatest common factor of l and 413?
59
Suppose 13 = -5*o - 4*q - 0, 2*o = -4*q - 10. Let r be 4*(0 - 0 - o). What is the highest common divisor of 16 and r?
4
Let f(x) = -6*x + 3. Let q be f(-2). Suppose 6*h - q = 5*h. What is the greatest common factor of h and 6?
3
Let d(q) = 54*q**3 - 3*q - 1. Let v be d(2). Calculate the highest common divisor of 170 and v.
85
Let i = -77 - -110. Let m be 1*-4*(-100)/80 - 2. Calculate the highest common divisor of i and m.
3
Suppose 3*q - 34 = t + 24, -5*q = -3*t - 94. Calculate the highest common factor of q and 10.
10
Suppose 2*p + 2*l = 0, 19*p = 23*p + l - 12. Calculate the highest common factor of p and 296.
4
Let h = 28 + -22. What is the greatest common factor of h and 33?
3
Suppose -433 = -6*n + 557. Calculate the greatest common divisor of 15 and n.
15
Let d(h) = 4*h**2 - 18*h - 68. Let v be d(29). Calculate the highest common factor of 38 and v.
38
Suppose 3651*c - 480 = 3646*c. What is the greatest common factor of 120 and c?
24
Let q be (-7)/(4/36*(-9)/6). Suppose 10 = -2*l + q. Calculate the highest common factor of l and 4.
4
Let a(r) = -2*r - 2. Let m be a(-3). Suppose -d + m*v = -0*v - 84, -420 = -5*d + 4*v. What is the highest common divisor of d and 126?
42
Let q(p) = -2*p**2 + 7. Let d be q(0). Let l be ((-91)/d + 5)*7/(-1). What is the greatest common divisor of l and 28?
28
Suppose 4*w - 8*f + 4*f = 72, -4*w + 71 = -5*f. What is the greatest common factor of 152 and w?
19
Let t = 222 - 99. Suppose -93 = -18*k + t. Suppose 0 = 3*d + 2*z - 262, -3*d - 4*z + 0*z + 272 = 0. Calculate the greatest common factor of d and k.
12
Let w(b) = b**2 + 12*b - 26. Let d be w(-14). Suppose 123 = d*x - 17. What is the highest common divisor of x and 175?
35
Let c be (90/(-25))/(6/(-20)). Let a be (-2 + -103)/(c/16*-2). Suppose o = -3*o - 5*m + 60, -3*m = 2*o - 32. What is the highest common divisor of a and o?
10
Suppose -4*a + u = -141, 6*u - 155 = -5*a + 3*u. Suppose 0 = -5*f + 124 + 131. Calculate the greatest common divisor of a and f.
17
Suppose -2*x = c - 23 - 0, 4*c = -5*x + 56. Suppose -4*a + 40 + x = 0. Suppose 0 = 5*j - 2 - a, -5*i = 3*j - 279. What is the highest common divisor of i and 6?
6
Let l be ((-32)/24)/(1/(-3)). Suppose -5*d - l*s = -62, 17 = 5*d - 5*s - 63. Let j be 48/(-56)*d/(-3). What is the greatest common factor of j and 20?
4
Let o be (-4 - -3)/((-2)/4). Let i(c) = -c**3 + 5*c**2 - 4*c**2 - 9*c - 5*c**o - 5*c**2 - 1. Let p be i(-8). What is the greatest common divisor of p and 77?
7
Let j be 30150/1050 - (-24)/(-14). Calculate the highest common factor of j and 459.
27
Let d(c) = -121*c + 668. Let q be d(5). Calculate the greatest common divisor of 4599 and q.
63
Let p = 193 + -110. Let h = p - 37. Calculate the greatest common factor of h and 69.
23
Let n(w) = 2*w**3 - w**2. Let v be n(1). Suppose -r = -s - 11, 0*r + r + 4*s = v. Let j be (2 + -4)*45/(-2). Calculate the greatest common factor of r and j.
9
Suppose -5*j = 5 - 115. Let t = -56 - -60. Suppose 4*n - 2*b - 12 = -t, 3*b = 0. Calculate the greatest common divisor of n and j.
2
Let v = 8 + -4. Let f(c) = 36*c - 1600. Let s be f(45). What is the highest common factor of s and v?
4
Let q(n) = -2*n + 107. Let g be q(-17). What is the highest common factor of g and 47?
47
Suppose 226*m = 232*m - 288. Calculate the greatest common divisor of m and 6.
6
Let a(j) = -24*j + 15. Let p be a(-6). Let x = 225 - p. What is the highest common factor of x and 6?
6
Let f be 258/12 - 2/4. Let s = 37 - f. Suppose -88 = -2*p - 24. What is the greatest common divisor of p and s?
16
Let o be 5/((11 - 9)*(-3)/(-66)). Calculate the greatest common factor of o and 385.
55
Let f be (-2)/(-4) - 909/(-18). What is the greatest common factor of 136 and f?
17
Let p = 44 + -17. Let k = p - 26. Calculate the greatest common divisor of 7 and k.
1
Let s(c) = -8*c - 19. Let v be s(-3). Suppose -68 = -v*b + 257. What is the greatest common divisor of 39 and b?
13
Suppose 94*a = 21*a + 3285. Calculate the highest common divisor of a and 9.
9
Suppose 0 = -3*i + i + 4*d + 108, -3*i + 169 = d. Let a = -23 + i. Calculate the greatest common divisor of a and 363.
33
Let w = -2 + 4. Suppose -w*h - h = 0. Suppose h = 2*l + l, 3*t = -l + 42. What is the highest common divisor of t and 98?
14
Suppose m + 4*m - 865 = 0. Suppose -5*y - m = 222. Let j = -47 - y. What is the highest common divisor of j and 4?
4
Let n be 3 - -108 - (-2 - -2)/(-2). What is the greatest common divisor of n and 37?
37
Suppose 5*b = 181 - 1. Let t = -231 - -339. What is the highest common divisor of b and t?
36
Let n = 35 - -12. What is the highest common factor of n and 47?
47
Suppose -3*x - s - 56 = 0, 6*s + 4 = -x + 2*s. Let f be (-10)/25 + (-888)/x. What is the highest common factor of 4 and f?
4
Let a = -11 + 11. Suppose 3*w + w = a. Suppose 2*b - 3*b + 4*n + 168 = w, b = 5*n + 168. What is the greatest common divisor of 21 and b?
21
Let p = -1726 + 3351. What is the highest common factor of 125 and p?
125
Suppose -55*h + 62*h - 14 = 0. Calculate the highest common factor of h and 64.
2
Suppose r = 4*r + 5*d - 55, -4*r + 2*d + 56 = 0. Let s = 4 + 1. Calculate the greatest common factor of r and s.
5
Suppose -4*m + 168 = 4*q + m, 4*q = m + 168. What is the highest common divisor of 6 and q?
6
Suppose 0*q = -4*q - 5*h + 247, -5*h - 5 = 0. What is the greatest common divisor of 1071 and q?
63
Let z(i) = 3*i**2 - 5*i + 14. Let c be z(3). What is the greatest common divisor of 286 and c?
26
Let m = -202 + 553. Calculate the greatest common factor of m and 13.
13
Suppose 6*o - 11*o = 3*b - 29, -o = 2*b - 17. What is the highest common divisor of 1256 and b?
8
Let g be (78/65)/((-4)/30). Let z be (-166)/(-6) - (-6)/g. Calculate the highest common divisor of 3 and z.
3
Let d(l) = 62*l + 23. Let z(j) = 15*j + 6. Let b(p) = -6*d(p) + 26*z(p). Let q be b(9). Calculate the greatest common divisor of 72 and q.
36
Let l be (12/21)/(14/49). Let v be (-44)/(-8) + (-1)/2. Suppose -l*i = -v - 19. Calculate the highest common divisor of 36 and i.
12
Let s(r) = 20*r**2 + r + 2. Let l be s(-2). Let d be 20 + (-5)/10*(-1 + 1). What is the highest common divisor of l and d?
20
Suppose 0 = -7*a + 117 + 142. Let v = -45 - -378. Calculate the highest common factor of a and v.
37
Let p = -90 + 93. Suppose 0 = 5*y + p*q - 241, -5*q + 48 = -4*y + 263. Calculate the greatest common factor of 50 and y.
50
Let i(r) = -31*r + 65. Let k(t) = 6*t - 13. Let n(o) = 2*i(o) + 11*k(o). Let j be n(5). What is the greatest common divisor of 28 and j?
7
Let u(d) = 6*d**2 + 16*d - 3. Let w be u(-9). Let o = w + -180. What is the highest common factor of 53 and o?
53
Let i(m) = -m + 7. Let n be i(0). Suppose 4*f + 6 = n*f. What is the highest common factor of 18 and f?
2
Let o(a) = -2*a + 172. Let r be o(55). What is the greatest common divisor of r and 1085?
31
Let h be 2691/46*(-2)/(-9). Let